mmon factor of 6140 and 424820?
20
Calculate the greatest common factor of 497887 and 3328.
13
Calculate the greatest common divisor of 9607 and 107394436.
739
Calculate the highest common factor of 78 and 2804442.
6
Calculate the highest common divisor of 208329356 and 68.
68
What is the highest common factor of 4312386 and 2756?
26
Calculate the greatest common factor of 275 and 8300193.
11
Calculate the greatest common factor of 104 and 3092284.
52
What is the greatest common divisor of 11937 and 907143?
69
What is the greatest common divisor of 898404 and 108420?
156
What is the greatest common factor of 593668 and 64596?
3076
Calculate the highest common factor of 8 and 21211288.
8
What is the highest common divisor of 856 and 441803?
107
Calculate the highest common divisor of 90818789 and 15111.
1679
Calculate the greatest common divisor of 4583523 and 777.
777
What is the greatest common factor of 135965328 and 2461?
2461
What is the greatest common factor of 249143847 and 14412?
3603
What is the highest common divisor of 432 and 5890914?
54
Calculate the greatest common factor of 4028 and 153700.
212
Calculate the greatest common divisor of 339415680 and 24.
24
What is the greatest common factor of 82829713 and 29?
29
Calculate the highest common factor of 588 and 321027.
21
What is the greatest common factor of 11446620 and 37630?
710
Calculate the greatest common factor of 6188704 and 39114.
4346
What is the highest common factor of 64 and 6530464?
32
What is the highest common factor of 7137892 and 37?
37
Calculate the greatest common divisor of 91000 and 144740.
20
Calculate the highest common factor of 803 and 1116148.
11
What is the highest common divisor of 9688 and 6151012?
28
Calculate the highest common factor of 37433 and 81147.
11
Calculate the highest common divisor of 21219 and 109527.
33
Calculate the highest common factor of 28226954 and 28.
14
Calculate the greatest common factor of 54 and 1613349.
9
Calculate the greatest common factor of 240 and 35392240.
80
Calculate the greatest common factor of 2283 and 230608874.
761
Calculate the highest common divisor of 1559629439 and 37.
37
What is the highest common divisor of 42717957 and 7395?
1479
Calculate the highest common divisor of 1910 and 422510.
10
Calculate the highest common factor of 59706481 and 219.
73
Calculate the highest common factor of 235 and 288550343.
47
Calculate the highest common divisor of 300 and 269848500.
300
Calculate the greatest common divisor of 9814287 and 2775.
111
Calculate the highest common factor of 3059 and 404551.
7
What is the highest common divisor of 6482907 and 6?
3
What is the highest common factor of 2340 and 3320928?
468
What is the highest common divisor of 32655 and 536235?
105
What is the highest common factor of 20834112 and 741?
39
Calculate the greatest common divisor of 168 and 337901536.
56
Calculate the greatest common factor of 120 and 37054140.
60
What is the highest common factor of 7701 and 300665009?
2567
Calculate the highest common divisor of 2340 and 675930.
30
What is the highest common divisor of 1886 and 3748448?
46
Calculate the greatest common divisor of 390 and 2038998.
78
Calculate the highest common divisor of 6565071 and 4938.
2469
What is the greatest common divisor of 125 and 417493625?
125
Calculate the highest common divisor of 423 and 9286542.
423
What is the greatest common factor of 2830388 and 88?
44
Calculate the greatest common factor of 78 and 56330846.
26
Calculate the highest common divisor of 1832373 and 105193.
73
What is the greatest common divisor of 3402438 and 92544?
1446
What is the highest common divisor of 1240 and 434142848?
248
Calculate the highest common factor of 164095 and 12580.
185
Calculate the highest common divisor of 15824397 and 228.
57
What is the greatest common divisor of 90144 and 829760?
32
Calculate the highest common divisor of 3177312 and 8.
8
What is the highest common divisor of 1578 and 325402536?
1578
What is the highest common divisor of 5294767 and 4869?
541
Calculate the greatest common divisor of 2727 and 12990923.
101
Calculate the greatest common divisor of 202091 and 394021.
1129
What is the highest common divisor of 67194092 and 917?
917
What is the highest common factor of 2440970876 and 1891?
1891
What is the highest common factor of 14 and 10788785?
7
Calculate the greatest common divisor of 1224 and 3657618.
306
What is the greatest common factor of 2950 and 1337369225?
1475
Calculate the greatest common divisor of 4321271 and 8793.
977
Calculate the highest common divisor of 111327480 and 396.
396
Calculate the greatest common factor of 1620220 and 6356.
28
Calculate the highest common factor of 14473036 and 10.
2
What is the highest common factor of 67732 and 14241892?
1652
What is the highest common factor of 73600 and 1005560?
920
What is the highest common factor of 30856 and 2632504?
1624
Calculate the greatest common divisor of 1842 and 43027278.
1842
What is the greatest common factor of 624 and 27283984?
208
Calculate the greatest common divisor of 1295 and 18568445.
35
Calculate the highest common divisor of 281749 and 52.
13
Calculate the highest common divisor of 2622030 and 3550.
710
What is the greatest common factor of 450 and 21666492?
18
Calculate the highest common factor of 11810847 and 10263.
933
What is the highest common divisor of 222707 and 25?
1
Calculate the greatest common divisor of 9939199 and 478077.
2183
Calculate the greatest common divisor of 847530 and 53874.
1314
Calculate the highest common divisor of 28 and 69867908.
4
What is the greatest common factor of 17472392 and 168?
56
What is the highest common divisor of 797425 and 1000?
25
What is the greatest common divisor of 1148225 and 344825?
325
Calculate the greatest common factor of 3757 and 55451331.
221
What is the highest common divisor of 26930382 and 1809?
201
Calculate the highest common factor of 544048 and 260996.
3676
What is the highest common divisor of 9 and 3545667?
9
Calculate the greatest common factor of 54614 and 29797.
83
Calculate the greatest common factor of 65 and 21496735.
65
What is the highest common factor of 1855978 and 1270?
254
Calculate the highest common divisor of 153452 and 217334.
338
What is the greatest common factor of 814271 and 13425?
179
Calculate the greatest common divisor of 459754 and 4818.
146
Calculate the highest common divisor of 7540830 and 76032.
594
What is the greatest common factor of 180 and 7271052?
12
Calculate the greatest common divisor of 531792 and 3024.
432
What is the highest common divisor of 94124209 and 491?
491
What is the greatest common factor of 52460 and 24622040?
1220
What is the greatest common factor of 1960 and 1129720?
40
What is the highest common divisor of 2280 and 10252248?
456
Calculate the highest common divisor of 112 and 144679052.
28
Calculate the highest common divisor of 74008719 and 8901.
387
What is the greatest common factor of 1211812 and 504?
28
What is the greatest common factor of 2418 and 742512?
186
What is the highest common factor of 3894176 and 374?
22
Calculate the highest common factor of 91893 and 48.
3
What is the greatest common factor of 641829240 and 7020?
2340
What is the greatest common factor of 17920 and 74935?
35
Calculate the highest common divisor of 46548145 and 1379.
1379
What is the highest common factor of 1241 and 639761?
17
What is the highest common factor of 357 and 2693463?
51
Calculate the greatest common divisor of 4656 and 151384602.
582
What is the greatest common factor of 58199391 and 324?
81
Calculate the greatest common factor of 1575154 and 162092.
98
Calculate the greatest common divisor of 11828 and 407564.
4
Calculate the highest common factor of 104 and 150588776.
104
Calculate the greatest common divisor of 683566 and 186599.
61
What is the greatest common divisor of 34756130 and 76?
38
What is the greatest common factor of 89646 and 217482?
402
Calculate the greatest common factor of 6199152 and 9758.
34
What is the highest common divisor of 242 and 96537?
1
Calculate the greatest common divisor of 12506 and 1247048.
74
What is the greatest common divisor of 67296807 and 3702?
1851
What is the greatest common divis